lse
Is 33 a factor of 1074579?
True
Is 7822365 a multiple of 28?
False
Is 53 a factor of 5855488?
False
Is 65546 a multiple of 9?
False
Is 208728 a multiple of 16?
False
Is 349 a factor of 1848833?
False
Is 254524 a multiple of 215?
False
Is 243460 a multiple of 20?
True
Is 6935696 a multiple of 1604?
True
Is 16 a factor of 179885?
False
Is 458 a factor of 400649?
False
Does 44 divide 1424118?
False
Is 86 a factor of 1044935?
False
Is 364 a factor of 770429?
False
Does 341 divide 42966?
True
Is 10 a factor of 6020327?
False
Does 4 divide 204233?
False
Is 5506482 a multiple of 514?
True
Does 102 divide 1292748?
True
Is 45 a factor of 2234475?
True
Does 4 divide 1357202?
False
Does 151 divide 28527071?
True
Does 72 divide 1303119?
False
Is 414098 a multiple of 62?
True
Is 567 a factor of 1022868?
True
Is 82 a factor of 1000640?
False
Is 10 a factor of 29895?
False
Is 4847731 a multiple of 336?
False
Does 846 divide 884991?
False
Is 6539583 a multiple of 617?
True
Is 12 a factor of 96384?
True
Does 7 divide 97801?
False
Does 3 divide 356109?
True
Does 16 divide 713408?
True
Is 413506 a multiple of 53?
True
Does 13 divide 208614?
False
Is 91 a factor of 1547?
True
Does 4 divide 949085?
False
Does 661 divide 5287339?
True
Is 34 a factor of 289000?
True
Is 130 a factor of 355550?
True
Does 15 divide 2478177?
False
Is 9 a factor of 25758?
True
Does 30 divide 32160?
True
Does 125 divide 3039875?
True
Does 9 divide 1131762?
False
Is 185 a factor of 742405?
True
Is 13152552 a multiple of 237?
True
Is 188 a factor of 1087208?
False
Is 4990400 a multiple of 1621?
False
Is 678848 a multiple of 19?
False
Is 2 a factor of 10006?
True
Is 38080 a multiple of 56?
True
Does 179 divide 621348?
False
Is 242 a factor of 2438876?
True
Is 402324 a multiple of 45?
False
Does 16 divide 119041?
False
Does 71 divide 10861977?
False
Is 10535 a multiple of 7?
True
Is 86163 a multiple of 231?
True
Is 201637 a multiple of 17?
True
Is 119548 a multiple of 26?
True
Is 448552 a multiple of 4?
True
Does 16 divide 1467728?
True
Does 5 divide 175309?
False
Does 32 divide 4439239?
False
Is 28 a factor of 1912092?
True
Does 19 divide 2895353?
True
Does 128 divide 46464?
True
Is 4 a factor of 6691838?
False
Does 11 divide 861674?
True
Does 2052 divide 8433335?
False
Is 56 a factor of 13670?
False
Does 501 divide 263114?
False
Is 16884 a multiple of 28?
True
Does 50 divide 890345?
False
Does 6 divide 901160?
False
Is 6329273 a multiple of 30?
False
Does 14 divide 29097681?
False
Is 736311 a multiple of 30?
False
Does 387 divide 669833?
False
Does 40 divide 480?
True
Does 79 divide 363795?
True
Does 114 divide 15730?
False
Does 102 divide 482460?
True
Does 14 divide 71858?
False
Does 9 divide 107676?
True
Does 143 divide 22454897?
False
Is 543750 a multiple of 725?
True
Does 11 divide 160721?
True
Does 11 divide 311685?
True
Does 1079 divide 3789034?
False
Does 66 divide 460020?
True
Is 30 a factor of 229650?
True
Does 26 divide 588440?
False
Is 1749251 a multiple of 203?
True
Does 41 divide 6613451?
False
Is 92 a factor of 3721676?
True
Is 192 a factor of 747456?
True
Does 65 divide 45273?
False
Is 493930 a multiple of 29?
False
Is 305987 a multiple of 62?
False
Is 139 a factor of 790215?
True
Does 695 divide 69437?
False
Is 3265088 a multiple of 8?
True
Does 17 divide 3596383?
False
Does 42 divide 1313277?
False
Does 11 divide 395615?
True
Is 356 a factor of 199506?
False
Is 263 a factor of 547040?
True
Is 91096 even?
True
Does 33 divide 389565?
True
Is 2313227 a multiple of 8?
False
Is 4183076 a multiple of 4?
True
Is 354400 a multiple of 10?
True
Is 9 a factor of 1160997?
False
Does 260 divide 989820?
True
Is 2 a factor of 8128?
True
Does 106 divide 143630?
True
Is 98582 a multiple of 11?
True
Is 471350 a multiple of 7?
False
Is 155834 a multiple of 14?
True
Does 7 divide 44612?
False
Does 7 divide 198163?
True
Does 55 divide 3638030?
True
Is 737 a factor of 2989272?
True
Is 127044 a multiple of 5?
False
Does 255 divide 1148540?
False
Does 49 divide 4632787?
False
Is 4537709 a multiple of 517?
True
Is 80351 a multiple of 34?
False
Is 209034 a multiple of 63?
True
Does 128 divide 1545049?
False
Is 55 a factor of 61600?
True
Is 505890 a multiple of 146?
True
Is 12996990 a multiple of 370?
True
Does 476 divide 1428952?
True
Is 18 a factor of 6097104?
True
Is 10972742 a multiple of 177?
False
Is 31 a factor of 213342?
True
Is 262 a factor of 223486?
True
Does 7 divide 1169342?
False
Is 11749078 a multiple of 249?
False
Is 39474 a multiple of 20?
False
Is 7123 a multiple of 7?
False
Is 378 a factor of 91854?
True
Is 59698 a multiple of 5?
False
Is 1327374 a multiple of 1046?
True
Is 3080673 a multiple of 81?
True
Does 15 divide 681114?
False
Does 126 divide 1147846?
False
Is 22147615 a multiple of 39?
False
Does 12 divide 253560?
True
Is 26 a factor of 170886?
False
Is 297 a factor of 9169875?
True
Is 10737308 a multiple of 613?
True
Does 4 divide 1155196?
True
Is 89 a factor of 1006678?
False
Is 2136520 a multiple of 24?
False
Does 11 divide 1472858?
False
Does 349 divide 423686?
True
Does 18 divide 112359?
False
Is 1289542 a multiple of 647?
False
Does 21 divide 279426?
True
Is 527 a factor of 163050?
False
Is 2 a factor of 1101445?
False
Does 21 divide 318360?
True
Is 18 a factor of 5256108?
True
Does 220 divide 3703376?
False
Is 393 a factor of 4937259?
True
Is 16 a factor of 477838?
False
Is 18785 a multiple of 13?
True
Does 531 divide 1040134?
False
Is 6 a factor of 231684?
True
Is 245010 a multiple of 333?
False
Does 40 divide 466320?
True
Does 567 divide 4117014?
False
Does 22 divide 416150?
False
Does 10 divide 99338?
False
Does 45 divide 167993?
False
Is 56 a factor of 2444332?
False
Does 10 divide 713639?
False
Does 10 divide 39480?
True
Is 6 a factor of 3623820?
True
Is 1467914 a multiple of 7?
True
Is 14 a factor of 127199?
False
Does 577 divide 801453?
True
Is 2047840 a multiple of 51?
False
Does 12 divide 762276?
True
Is 4309012 a multiple of 554?
True
Does 797 divide 3957105?
True
Is 1612354 a multiple of 31?
False
Does 258 divide 189114?
True
Does 83 divide 62380?
False
Does 8 divide 2461624?
True
Is 115 a factor of 354898?
False
Does 40 divide 514717?
False
Is 4229631 a multiple of 973?
True
Is 2740555 a multiple of 717?
False
Does 351 divide 258336?
True
Does 795 divide 4559423?
False
Is 11 a factor of 882905?
False
Is 23 a factor of 132503?
True
Does 44 divide 466366?
False
Is 126651 a multiple of 176?
False
Does 696 divide 613134?
False
Does 2 divide 318025?
False
Is 853 a factor of 5859018?
False
Is 4 a factor of 9812?
True
Is 72956 even?
True
Is 610 a factor of 628520?
False
Is 143 a factor of 142714?
True
Is 7 a factor of 84595?
True
Is 800400 a multiple of 87?
True
Is 62 a factor of 4030?
True
Is 50 a factor of 394150?
True
Does 577 divide 948708?
False
Is 172260 a multiple of 396?
True
Does 3 divide 2455?
False
Is 158147 a multiple of 19?
False
Is 4196618 a multiple of 75?
False
Is 143 a factor of 2651649?
True
Is 4 a factor of 11319?
False
Does 9 divide 1178551?
False
Is 39200 a multiple of 20?
True
Is 1024439 a multiple of 33?
False
Is 16 a factor of 16160?
True
Is 1125688 a multiple of 1444?
False
Does 10 divide 23439?
False
Is 812737 a multiple of 481?
False
Is 12 a factor of 35748?
True
Does 4 divide 3780383?
False
Does 14 divide 495163?
False
Is 2778930 a multiple of 55?
True
Is 6936873 a multiple of 503?
True
Does 385 divide 171325?
True
Does 775 divide 2339430?
False
Is 18 a factor of 5259726?
True
Does 4 divide 35775?
False
Is 25 a factor of 3258475?
True
Does 17 divide 1002261?
False
Is 2759218 a multiple of 133?
True
Is 5 a factor of 30645?
True
Does 129 divide 102684?
True
Is 9 a factor of 90323?
False
Is 48 a factor of 119297?
False
Is 215418 a multiple of 506?
False
Is 2918717 a multiple of 70?
False
Is 277 a factor of 2910716?
True
Is 67990 a multiple of 65?
True
Is 474 a factor of 284221?
False
Is 12 a factor of 241952?
False
Is 2983230 a multiple of 145?
True
Does 113 divide 28250?
True
Does 54 divide 1656450?
True
Is 14 a factor of 1981154?
True
Is 81 a factor of 101737?
False
Is 7 a factor of 310037?
True
Is 200609 a multiple of 69?
False
Is 2830779 a multiple of 467?
False
Is 281778 a multiple of 206?
False
Is 111 a factor of 1040958?
T